 = -47683 - -83949. What is the tens digit of f?
6
Let n = 17 + -12. Suppose -4*b = 4*f - 8, -4*b + 2*f - n + 25 = 0. Suppose d - 2 = 0, -3*c + b*d = 19 - 221. What is the tens digit of c?
7
Suppose 19*m = 7*m + 4*m + 414760. What is the ten thousands digit of m?
5
Let v = -38 + 50. Suppose 4*d + v = 56. Suppose d*j - 14*j = -282. What is the units digit of j?
4
Let t(p) = 7*p**3 - 9*p**2 + 41*p - 56. What is the units digit of t(10)?
4
Suppose -2*l + 63 = 2*d - 237, -4*d + 598 = 5*l. Let h = 237 - d. Suppose 55 + h = 7*y. What is the tens digit of y?
2
Let u(c) = 2526*c - 7105. What is the thousands digit of u(22)?
8
Suppose 107 = 5*a - 2113. Suppose -996 - a = -4*v. What is the units digit of v?
0
Suppose -2*m = n - 2573, 2582 = 2*m + n + 3*n. Let g = 2086 - m. What is the units digit of g?
1
Let k = 225 + -209. Suppose -k*z + 3*z + 8879 = 0. What is the units digit of z?
3
Suppose 3*o = 5*p + 3, 3*o - 8*p - 6 = -4*p. Suppose -146 = -o*q + 58. Let j = 46 - q. What is the tens digit of j?
1
Let t be 5/(20/(-3694))*4/(-2). Let s = -612 + t. Suppose 5*p = -0*p + s. What is the units digit of p?
7
Let v = -89 + 171. What is the units digit of (v/(-4))/((-2)/24*1)?
6
Suppose 23*d = 5*d + 3450 + 17790. What is the thousands digit of d?
1
Let x be 14 + -4 + -4 + 7496. Suppose -3740 = -3*j - 5*h + 769, -5*j - 4*h + x = 0. What is the tens digit of j?
9
Let z(h) = 540*h**2 + 21*h + 22. What is the hundreds digit of z(-5)?
4
Suppose 119*a = -16*a + 30*a + 6324465. What is the hundreds digit of a?
2
Let i = 3422 + 8653. What is the tens digit of i?
7
Let v = 1086 + -541. Suppose -35*a + v = -34*a. What is the units digit of a?
5
Let t be -10*(105/10)/(-7). Let a be (30/t)/((-2)/533). Let v = -316 - a. What is the hundreds digit of v?
2
Suppose 5*d - 3*t - t = 49909, -4*t = 4. What is the thousands digit of d?
9
Let q be (90/(-4))/((-138)/184). What is the units digit of ((-5840)/q)/((-2)/6)?
4
Let k(y) = 3*y**2 + 3*y + 4. Let g be k(-2). Let l(i) = -i**3 + 12*i**2 - 3*i + 3. Let m be l(g). Let t = m + -87. What is the tens digit of t?
8
Suppose -2*z + 165 = 3*z. Suppose 2*t - 2*b + 19 = t, -b - 48 = 2*t. Let l = z + t. What is the tens digit of l?
1
Suppose 2516898 = 432*f - 9*f - 8629998. What is the thousands digit of f?
6
Let u(m) = -3*m**2 - 36*m + 9. Let h(d) = 2*d**2 + 18*d - 4. Let f(n) = 5*h(n) + 2*u(n). What is the units digit of f(8)?
8
Suppose -104*t + t - 31*t + 9697312 = 0. What is the thousands digit of t?
2
Let r be (-4)/16 + 7/(-4) - 31. Let k be ((-44)/r)/((-4)/(-6)). Suppose -2*u - 5*x + 136 = 0, -k*x + 0*x = 3*u - 226. What is the tens digit of u?
7
Suppose 4*y = -r - 0*r + 12, 6 = -3*y + 3*r. Suppose 5*k = -y*p + 266, -3*p + 6*p - 406 = -4*k. What is the tens digit of p?
3
Let p = -2039 + 7519. Suppose -188*z = -192*z + p. What is the hundreds digit of z?
3
What is the units digit of (4218063/(-2121))/((-1)/7)?
1
Let t = 53 + -54. Let y = 13 + -3. What is the units digit of y + -1 - (-2)/t?
7
Suppose 26 = 5*c - 4*k, 5*c - 3*k = 10 + 17. Suppose c*p - 1871 = 325. What is the units digit of p?
6
Let u be -2207*(-3 - -5)*-1. Suppose -20514 + u = -35*w. What is the tens digit of w?
6
Let x = 3928 + -2352. Suppose -36*b + x = -34*b. What is the units digit of b?
8
Suppose 5*t = -10, -2*t + 150 = 3*g - g. Suppose -111*d = -104*d + 350. Let k = g + d. What is the tens digit of k?
2
Let i = 1249 - 2834. Let v = -797 - i. What is the hundreds digit of v?
7
Let y(d) = -331*d + 2286. What is the ten thousands digit of y(-25)?
1
Let u = 29 - 25. Suppose k - 5*f - 625 = 0, k + f = u*k - 1861. What is the units digit of k?
0
Suppose 41 = 5*r - 34. Let n(j) = 26*j - 89. What is the hundreds digit of n(r)?
3
Let q(v) = -2*v + 50. Let d be q(16). Suppose 15*p - d*p + 321 = 0. What is the hundreds digit of p?
1
Suppose -4*f + 72776 = -4*q + 11760, -8*q = -3*f + 45732. What is the tens digit of f?
6
Suppose 644 = 2*i - 1076. Let p = -331 + i. What is the tens digit of p?
2
Let c(q) be the second derivative of -q**5/4 + q**4/6 - 7*q**3/6 + q**2/2 + q. What is the hundreds digit of c(-3)?
1
Let r(u) = -115*u - 286. Suppose -5*m = 12*m + 153. What is the tens digit of r(m)?
4
Let k(v) = 432*v**3 - v. Let u be 2/(-8)*-1 - (-24)/32. What is the units digit of k(u)?
1
Let a(u) = -u - 4. Let v be a(3). Suppose -4*d + 5*i - 15 + 24 = 0, -2*d = 2*i. What is the hundreds digit of (-25)/d*(210/6)/v?
1
Let r(o) = -1861*o**3 - 5*o**2 + o - 5. Let m(i) = i**3 - i**2 - 2*i + 1. Let k(u) = 5*m(u) + r(u). What is the units digit of k(-1)?
5
Suppose -105*p + 53*p - 180*p + 4325176 = 0. What is the tens digit of p?
4
Let a be (-138)/(-322) - 8075/(-7). Let t = a - 521. What is the tens digit of t?
3
Let f(t) = t - 1. Let z(i) = -240*i + 8. Let y(b) = -6*f(b) - z(b). Let j be y(2). Suppose 5*h - j = 2*r, -h + r + 371 = 3*h. What is the tens digit of h?
9
Suppose 97 = 4*v - 11. Suppose -1180 = -v*j + 23*j. What is the tens digit of j?
9
Let d(q) = -176*q - 3696. Let m be d(-21). Let j = -13 + 110. Suppose -c = -w + 13 - j, -c - 4*w + 69 = m. What is the units digit of c?
1
What is the units digit of (65408 - 0 - (1 + -4)) + -7?
4
Suppose -4*o - 10*x + 8 = -8*x, -3*o = 3*x. Suppose o*q + 3*q - 7042 = 0. What is the tens digit of q?
0
Let t = 173 + -67. Suppose -w + 1 = 0, l + 46 = -7*w + 2*w. Let j = t + l. What is the tens digit of j?
5
Let m = 15609 + -4685. What is the tens digit of m?
2
Let w = -94663 - -136737. What is the thousands digit of w?
2
Suppose -4*c + 6 + 10 = 0. Suppose 0 = o - c, y + 3 + 7 = o. Let q = y + 47. What is the units digit of q?
1
Let c(f) = 1110*f - 2590. What is the ten thousands digit of c(27)?
2
Let f(k) = 6*k + 4 - 3*k - 100*k**2 + k**3 + 96*k**2. Let t be f(3). Suppose 2*s - t*u = 352, -s + 28 = -4*u - 150. What is the hundreds digit of s?
1
Suppose 7*j - 9 = 5. Suppose -865 = -5*p + j*p - r, -5*r = -5*p + 1415. Let n = p - 190. What is the tens digit of n?
9
Suppose s + 16 + 14 = 0. Let k be (7 - 2) + (4 - s/(-5)). Suppose -k*g = -6*g + 129. What is the units digit of g?
3
Let i = -211 + 232. What is the tens digit of 2/(-7) + 8826/i?
2
What is the hundreds digit of (170450/200)/((-2)/(-8))?
4
Suppose v - d = 1819, -3680 - 3601 = -4*v + 3*d. What is the units digit of v?
4
Let z = -56155 - -88572. What is the units digit of z?
7
Let o = 310 + -320. What is the hundreds digit of ((-255)/o)/((-2)/(-12))?
1
Suppose 7*u - 57 = -1. Let f be (10 - 0)*(36/u + -4). What is the tens digit of 1/(0 - f/(-355))?
7
Let r = -4873 + 8538. What is the hundreds digit of r?
6
Let w = -2332 + 8354. What is the tens digit of w?
2
Let z = 159 + -159. Let t(a) = a**2 + 2*a + 495. What is the hundreds digit of t(z)?
4
Let n(w) be the second derivative of w**5/12 - w**4/4 + 21*w**2/2 + 19*w. Let l(q) be the first derivative of n(q). What is the units digit of l(4)?
6
What is the ten thousands digit of 19/209*-1 + 328440/22?
1
Let l(r) = r + 9. Let p be l(-5). Suppose p*o - o = 36. Let x = o + 75. What is the tens digit of x?
8
Let p(a) = 9*a - 102. Let j be p(12). Let x(b) = 7*b**2 + 5*b - 2. What is the hundreds digit of x(j)?
2
Suppose -4*n - s = -147 - 55, 5*n + 5*s = 260. Suppose n = 7*q - 2*q. What is the hundreds digit of (6/q)/(7/2555)?
2
Let w = -16718 - -28630. What is the ten thousands digit of w?
1
Let s be (-13)/13 + 7*1. Let m be 9 + (-4)/(8/s). Suppose x - 60 - 2 = 5*z, m = -2*z. What is the tens digit of x?
4
Let g(h) = -h**3 + 13*h**2 - h + 15. Let o be g(13). Suppose -p - b + 6*b + 118 = 0, -o*b + 644 = 5*p. What is the hundreds digit of p?
1
Let n(j) be the second derivative of j**4/3 + 19*j**3/6 - 3*j**2/2 - 9*j + 3. What is the tens digit of n(-14)?
1
Suppose -4*a + 16 = -0*a. Suppose 0 = -m - 3*t + 14 + 2, -3*m - a = -4*t. Suppose -3*i - k = -52, m*i - 4*k = -i + 115. What is the tens digit of i?
1
Suppose 3*a - 5*m - 103564 = 0, -6 + 9 = 3*m. Suppose -26*p = -7*p - a. What is the thousands digit of p?
1
Let k be (-2)/8*(49 + -45). What is the units digit of (-1)/((1/(-301))/(k + 2))?
1
Let n(y) = 289*y**2 + 62*y - 38. What is the units digit of n(-7)?
9
Let r(j) be the first derivative of 11*j**4/24 - j**3/6 + 15*j**2/2 - 7. Let f(m) be the second derivative of r(m). What is the tens digit of f(1)?
1
Suppose 3*g = 2*f + 3, -f - 2*g - 9